 s?
6
Suppose -8*n + 11*n = 5*x + 95, 2*x + 150 = 4*n. What is the remainder when 157 is divided by n?
37
Let b = -23 + 45. Let r(o) = -4*o + 0*o - 21 + 1. What is the remainder when b is divided by r(-8)?
10
Suppose 4*s + 468 = 2*n - 5*n, 0 = -3*n. Let f = -83 - s. Suppose 2*a - 48 = -4*t, -a - 36 = -3*t - 4*a. Calculate the remainder when f is divided by t.
10
Let d = -19 + 12. Let c(k) = k**3 + 7*k**2 - 5*k - 13. What is the remainder when c(d) is divided by 12?
10
Let h = 9 + -25. Let r be 76/16 - 4/h. Suppose -3*m = -r*m + 8. Calculate the remainder when 23 is divided by m.
3
Let d = 2060 + -2044. Calculate the remainder when 43 is divided by d.
11
Let k = -465 + 658. What is the remainder when k is divided by 39?
37
Let z = -1250 + 1264. What is the remainder when 1509 is divided by z?
11
What is the remainder when 32/(-12)*11/((-88)/714) is divided by 20?
18
Let u be 0 + -1 - (-6441)/19. Let y = -25 - -96. Calculate the remainder when y is divided by 11/(-77) - u/(-14).
23
Calculate the remainder when (-62)/(-1) + (10 - 8) is divided by 18.
10
Let b(i) = 18*i**3 + 1. Let d be 7/((-7)/(-6))*(-40)/3. Let o = 85 + d. What is the remainder when b(1) is divided by o?
4
Let r(l) = -2*l**3 + 5*l + 4. Let v be r(-2). Suppose -5*q + 107 = -4*u, 2*q - v - 38 = -u. Calculate the remainder when 63 is divided by q.
17
Suppose 0*z = 3*w + 5*z - 118, z = -1. Suppose 3*g - 143 = -w. What is the remainder when 132 is divided by g?
30
Let h = 24 - 22. Let g be h + 2/1 + 24. Let y = -14 + g. Calculate the remainder when 40 is divided by y.
12
Suppose -3*r = 2*u - u - 443, -2*u - 157 = -r. Calculate the remainder when r is divided by 61.
27
What is the remainder when 132*(-5 + -51*1/(-9)) is divided by 5?
3
Suppose 26*l - 8195 + 2735 = 0. What is the remainder when l is divided by 106?
104
Let g = -110 + 121. Let o(s) = s**2. Let i be o(-4). Suppose 3*j - 41 = i. Calculate the remainder when j is divided by g.
8
Let f = 806 - 798. Calculate the remainder when 375 is divided by f.
7
Suppose 7*p = -30*p + 1628. What is the remainder when 120 is divided by p?
32
Suppose 117 = 4*u - 115. Suppose -4*p = -o - 0*p - 1, -5*o = p - u. Calculate the remainder when 31 is divided by o.
9
Let l be ((-50)/4)/(2/(-16)). Let a = 116 - l. Calculate the remainder when 125 is divided by a.
13
Suppose 4*v = 5*v - 4, 2*z + 4*v = 2. Let g = 18 - z. Let s = 10268 - 10221. Calculate the remainder when s is divided by g.
22
Let f(l) = -13*l - 207. What is the remainder when 2448 is divided by f(-17)?
12
Let f(a) = 152*a**2 - 2*a. Let w be f(1). Suppose 0*i + 5*i + w = 5*x, 40 = 2*x + 2*i. What is the remainder when x is divided by 13?
12
Suppose -5*z + 45 = -5*a - 1190, -773 = -3*z - 5*a. What is the remainder when z is divided by 28?
27
Suppose -26*w + 560 = -22*w. What is the remainder when w is divided by 40?
20
Suppose 27 = 4*v - 45. What is the remainder when 25 is divided by v?
7
Suppose -2*d + 18 = 5*x, 4*d = x - 0*x + 80. What is the remainder when d is divided by 6?
1
Suppose 6*i = 332 - 86. What is the remainder when i is divided by 26?
15
Suppose -271 - 349 = -4*o. Calculate the remainder when o is divided by 24.
11
Suppose -3*l - 4*z + 4 = 0, 2*l - 4*z = -8 + 24. Suppose l*u + 49 = 213. What is the remainder when 120 is divided by u?
38
Let t = 13 - 3. Calculate the remainder when (12 + (-12 - -76))*2/4 is divided by t.
8
Let t be ((-4)/(-10))/(3/(-315)). What is the remainder when -1 - t/4*(-360)/(-42) is divided by 30?
29
Calculate the remainder when 4/((-24)/501)*-2 is divided by 28.
27
Let g(z) = z + 31. Let m be 1/((6 + -2)/(-64)). What is the remainder when 26 is divided by g(m)?
11
Let s(y) = 4*y + 8. Let b(x) = -32*x - 3. Let f be (-2)/(-5) - (-17)/(-5). What is the remainder when b(f) is divided by s(6)?
29
Let a = 527 + -382. What is the remainder when a is divided by 37?
34
Let p = -612 - -1840. What is the remainder when p is divided by 28?
24
Suppose 3*y + 2 + 1 = 0, -269 = -5*x - y. Let z = x + -30. Let p = z + -11. Calculate the remainder when 23 is divided by p.
10
Suppose -54 = -5*y - 4*y. Suppose -y*u + 5*u = 2*i - 22, -5*u = 3*i - 124. What is the remainder when 75 is divided by u?
23
Let z(g) = g**2 + 5. Let j(b) = b**2 - 16*b - 23. Let i be j(11). Let m = 85 + i. Calculate the remainder when m is divided by z(0).
2
Let u(z) = -25*z**2 - 154*z + 12. What is the remainder when 41 is divided by u(-6)?
5
Let w = 89 - 45. Let y = 26 - 49. Let i = w + y. What is the remainder when i is divided by 8?
5
Suppose -f - 4*z + 7 + 33 = 0, -2*f + 54 = -5*z. Let r(m) be the first derivative of m**2/2 + 5*m - 2. Calculate the remainder when f is divided by r(6).
10
Suppose b + 5*j = 12, 0 = 4*b - 2*b + 2*j - 24. What is the remainder when (-3)/b*-2*(104 + 2) is divided by 20?
13
Let z be 15 - (4 - (-3)/(-3)). Let w(l) = l**3 - 6*l**2 + 3. Let m be w(6). What is the remainder when 35 is divided by m/((-32)/z + 3)?
8
Suppose 2*f + 2 - 6 = 0. Suppose 4*n = 3*t + 47, f*n - 43 = -2*n - t. What is the remainder when 32 is divided by n?
10
Suppose -2*t = 5*a - 75, 4*a + 6*t - t = 43. Let n(m) = -2*m**3 + 32*m**2 + 35*m - 10. What is the remainder when n(a) is divided by 2?
1
Suppose -9*c = -8*c - 2. Suppose -132 = -3*s - 5*y + 43, c*y = 3*s - 182. Calculate the remainder when s is divided by 16.
12
Suppose d = -5*y - 18, d + 3*d + 172 = 5*y. Let a = d - -65. Calculate the remainder when 132 is divided by a.
24
Suppose 8*o - 3*o + 625 = p, -4*o = 5*p - 3183. What is the remainder when p is divided by 25?
10
Suppose u = 2*u - 3*r - 21, 2*u + 3*r = 24. Let p = 10 - -10. Suppose u + p = 5*w. What is the remainder when 12 is divided by w?
5
Let q = -251 - -390. Suppose -73*j + 2115 = -28*j. What is the remainder when q is divided by j?
45
Let d(u) = -17*u - 5. Let m be d(-2). Let j = 51 - m. Suppose w - 51 = 5*r, 2*r - 119 = -3*w - 0*r. Calculate the remainder when w is divided by j.
19
Let k(h) = h**3 - 16*h**2 - 11*h - 28. Calculate the remainder when 368 is divided by k(17).
72
Let v = -1984 - -2004. What is the remainder when 85 is divided by v?
5
Let x(u) = -91*u + 3. Let g be -1 + 0/((-2)/(-1)). Let n be x(g). Let l = -62 + n. Calculate the remainder when l is divided by 12.
8
Let n = 71 + 63. What is the remainder when n is divided by 21?
8
Let u = -279 - -301. Calculate the remainder when 351 is divided by u.
21
Let s be 194/4 - 3/(-6). Suppose 0 = -4*z + 55 + s. What is the remainder when 50 is divided by z?
24
Let v(a) = -a**2 - 6*a - 3. Let i be v(-4). Suppose 5*s - 2*y = 25, -2*y + 20 = i*s - 5*y. Let f = 0 + 3. Calculate the remainder when s is divided by f.
1
Suppose 2*i = 4*x - 0*i - 8, -3*i - 4 = -2*x. Suppose h = 5 - x. What is the remainder when 38 is divided by h/2*60/9?
8
Let l be 10/15 + (-44)/(-6). Calculate the remainder when 10 is divided by 15/2*l/6.
0
Let k(x) = -x. Let b be (52/(-2))/((-10)/5). Let u be k(b). What is the remainder when 18 is divided by -2 + (-3 + 3 - u)?
7
Let k be (4/(-3))/((-21)/(-126)). What is the remainder when (-10)/(-4)*(6 - k) is divided by 13?
9
Suppose 2*t + 12 = 22, 0 = 3*o + 2*t - 283. What is the remainder when o is divided by 42?
7
Suppose -5*d + 301 = 2*d. What is the remainder when 291 is divided by d?
33
Let q be ((30/(-25))/3)/((-2)/(-50)). Suppose -3*y + 14 = -5*d, -4*y = 2*d + 3*d - 77. Calculate the remainder when y is divided by (27 - 26)/(-1 + (-12)/q).
3
What is the remainder when 108 is divided by (((-45)/10)/3)/(6/(-88))?
20
Let q(r) = 2*r - 2. Let c = -7 - -9. Suppose 9 = -c*z + 21. Calculate the remainder when 17 is divided by q(z).
7
Let t be 2/6 + 70/15. Suppose 0 = t*k - 5, -4*k = -q + 4*q + 23. Let n(o) = o**2 + 6*o + 1. What is the remainder when n(q) is divided by 15?
13
Let y = 195 - 189. What is the remainder when 92 is divided by y?
2
Suppose 0 = -13*d + 11*d + 94. Let t = 9 + d. What is the remainder when 335 is divided by t?
55
Suppose -m = 3 - 4. What is the remainder when 19 is divided by (5/15)/((2/66)/m)?
8
Suppose 5*s = 25, 17*s - 35 = -5*f + 13*s. Suppose x - 4 = -x. What is the remainder when f is divided by x?
1
Let b be 4/6 + 1182/(-18). Let l = 151 + b. Calculate the remainder when l is divided by 1218/(-28)*(-4)/6.
28
Suppose -s = 2*s - 6. Suppose -5*p + 594 = -2*i - 121, -3*p +